s the remainder when q is divided by w?
12
Let z = 9 + -6. Suppose -22 - 11 = -z*f. What is the remainder when 32 is divided by f?
10
Suppose -5*p = 3*l - 196, -1 = l + 2. Suppose -59*f + 36 = 4*k - 55*f, 5*k - 3*f - 61 = 0. What is the remainder when p is divided by k?
8
Let o(z) = -z**3 - 13*z**2 + 15*z + 17. Let k be o(-14). Let p(a) = 14*a - 5. Calculate the remainder when p(k) is divided by 10.
7
Let b = 84 - 77. Suppose -14*y + b*y + 644 = 0. Calculate the remainder when y is divided by 31.
30
Let y = -24 + 71. Calculate the remainder when 125 is divided by y.
31
Let u be (194/(-8))/(5/(-20)) + 0. Suppose 5*v + 4*k - u = 6*k, -3*v - 5*k = -83. What is the remainder when v is divided by 3?
0
Let z(g) = -g**2 + 19. Let p be (-1)/7 - 3/7*-5. What is the remainder when (107/2 + p)*6/9 is divided by z(0)?
18
Suppose 2*c + 2*c = 8. Let v be 12/c*-2*-12. Suppose -3*y - 3 = -v. What is the remainder when y is divided by 12?
11
Let t(j) = 2*j**2 + 26*j - 4. Let h be t(-12). Calculate the remainder when 88 is divided by (h/8)/7*-26.
10
Let d(b) = -16*b - 4. Let q be d(-5). Let i = q - -15. Calculate the remainder when i is divided by 31.
29
Suppose 2*p + 960 = 8*p. Suppose p = 4*j + 32. Calculate the remainder when 126 is divided by j.
30
Let h(c) = -497*c + 2692. Suppose -22 = -4*q + 2*q. What is the remainder when h(5) is divided by q?
9
Let q(p) = -p**2 - 7*p - 5. Let k be q(-7). Let s = k + 29. Calculate the remainder when s is divided by 13.
11
Let m(j) = -j + 11. Let d be m(-13). Let u(c) = 4*c**3 - 3*c**2 - 1. What is the remainder when u(3) is divided by (3/d*54)/((-1)/(-4))?
26
Suppose 19*y = 20*y - 3. Calculate the remainder when 98 is divided by y.
2
Let l = 1575 + -1513. What is the remainder when l is divided by 14?
6
Let n(h) = h + 2. Let p(b) = b + 30. Calculate the remainder when p(0) is divided by n(9).
8
Suppose 32*w = 20*w + 1968. What is the remainder when w is divided by 47?
23
Suppose 1 = -3*n - 4*o + 17, 3*o - 3 = 0. Let m(s) = 3*s**2 + 1 - 6*s + 0 + 0 + 7. What is the remainder when m(n) is divided by 11?
10
Suppose -69 - 171 = -15*v. Calculate the remainder when 55 is divided by v.
7
Suppose 7*g = 93 + 82. Calculate the remainder when 161 is divided by g.
11
Let z = -1544 - -2577. What is the remainder when z is divided by 69?
67
Let c(l) = 8*l + 119. Calculate the remainder when c(-2) is divided by 37.
29
Let l = 14 + 2. Calculate the remainder when 82 is divided by (16/(-12))/(l/(-204)).
14
Calculate the remainder when (-3)/60*2 + 65057/670 is divided by 21.
13
Suppose 0 = 16*p - 6*p - 1130. Suppose -p - 37 = -5*y. Calculate the remainder when y is divided by 4.
2
Let f(c) = 5*c**2 + 8*c - 3. Let q(z) = 2*z**2 - 26*z + 19. Let a be q(12). Calculate the remainder when f(a) is divided by 12.
10
Let n = -333 - -230. Let u = n + 186. Calculate the remainder when u is divided by 42.
41
Suppose -5*w - 22 + 67 = 0. Let f be (-4)/(-6) + 129/w. What is the remainder when 71 is divided by (3/5 + 1)*f?
23
Let i(k) = k**2 - k - 40. What is the remainder when 110 is divided by i(8)?
14
Suppose -2*u + 127 = 39. Calculate the remainder when u is divided by 2/4 - 29/(-2).
14
Let v(u) = 2*u**2 - 6*u - 9. Let l = -2 + -5. Calculate the remainder when v(l) is divided by 33.
32
Let j = -73 - -89. Suppose -3*c - 3 = x - 11, -2*x = -3*c - j. What is the remainder when x is divided by 4?
0
Suppose 3*p = 15, 3*y - 4*p = -23 - 0. Let i = 11 - -1. Let o = i + y. What is the remainder when 41 is divided by o?
8
Let t = 108 + -77. Let p = -25 + t. Calculate the remainder when 10 is divided by p.
4
Let q be ((-6)/8)/3 + (-2895)/(-60). Suppose q - 28 = 4*p. What is the remainder when p is divided by 1?
0
Let k(i) = i**3 - 7*i**2 + 11*i - 6. Let s be k(5). Calculate the remainder when 256/14 - 6/21 is divided by (s + 0)*(-6 + 5 + -4).
3
Let n be 10*(0 + (-15)/(-6)). Suppose -10 = -4*j + f, -2*j - 3*j - 5*f = -n. What is the remainder when 5 is divided by j?
2
Let h(w) = 4*w**2 + 5*w + 16. Let u be h(-4). Suppose 5*p - u = 5. Calculate the remainder when p is divided by 5.
3
Let u(o) = 14*o**2 - o - 1. Let l(i) = -i**2 + 10*i - 23. Let a be l(6). What is the remainder when ((a - 0) + 8)*(-24)/(-4) is divided by u(-1)?
12
What is the remainder when 162 is divided by -8*(-13)/(91/49)?
50
Let v = 2523 - 2490. What is the remainder when v is divided by 8?
1
Let t(f) = 4*f**2 + f. Calculate the remainder when 54 is divided by t(1).
4
Let w = -14 - -32. Suppose 175 = 3*j + 5*r, -5*j = -2*r - 141 - 99. What is the remainder when j is divided by w?
14
Let c(l) = -28*l + 29. Let d be c(6). Let g = -75 - d. Let o(k) = 18*k - 1. Calculate the remainder when g is divided by o(1).
13
Calculate the remainder when ((-6)/(-5))/((-4)/(-1110)) is divided by 42.
39
Suppose n = 3, 4*g - 2*n + 2 - 72 = 0. Calculate the remainder when 25 is divided by g.
6
Suppose 5*y = 3*a - 101, -141 = -5*a - 5*y + 14. What is the remainder when a is divided by 3?
2
Let w = 78 - 56. Suppose -w*m - 15 = -27*m. What is the remainder when 15 is divided by m?
0
Let u(k) = 2*k + 7. Calculate the remainder when (24/(-10))/(3/(-15)) is divided by u(-2).
0
Let f(g) = g**2 - g - 4. Let v be f(4). What is the remainder when (v/16)/((-2)/(-84)) is divided by 4?
1
Let o = -506 - -542. Calculate the remainder when 214 is divided by o.
34
Suppose -w - 7 = -2*n, -2 = -4*w + 4*n - 10. Suppose -2*t + 44 = 4*a, 0 = 9*t - 13*t + 4*a + 52. What is the remainder when t is divided by w?
1
Let b = 123 - 225. Let s = 153 + b. Calculate the remainder when 253 is divided by s.
49
Suppose 0 = -16*t - 18*t + 578. What is the remainder when 1714 is divided by t?
14
Let b be (1/3)/((-2)/((-6)/1)). Suppose v - 5 = b. What is the remainder when 26 is divided by v?
2
Let z(f) = -f**2 - 6*f + 10. Let a be z(-7). What is the remainder when 103/a + 2/3 is divided by 10?
5
Let h(f) = -10*f**3 - 9*f**2 - f + 9. Let z(g) = g**3 - 3*g**2 - 2*g - 5. What is the remainder when h(-1) is divided by z(4)?
2
Calculate the remainder when 426/15 + (-34)/85 is divided by 19.
9
Let u(i) = -i + 17. Let p = -18 + 26. Suppose -p = -2*n - 2. What is the remainder when u(12) is divided by n?
2
Let h(t) = t - 13. Let z be h(5). Let v(m) = m**2 + 3*m - 8. Let k be v(z). What is the remainder when 46 is divided by (-1)/((2/k)/(-1))?
14
Let q(b) = 4*b + 1. Let h(f) = -3*f + 17. Let m be h(5). Calculate the remainder when 16 is divided by q(m).
7
Suppose 3*g - 54 = -2*d, 89*d = 4*g + 90*d - 72. Let j(n) = -n**3 + 5*n**2 - 4*n + 4. Calculate the remainder when g is divided by j(3).
8
Suppose 0 = y - 5*n - 33, 0*y - 2*n = -5*y + 50. Suppose 0 = -2*b + 6*b + 32. Calculate the remainder when 14/(-8)*(-4 + b) is divided by y.
5
Suppose 0 = -z + x + 44, -2*z + x + 170 = 87. What is the remainder when 191 is divided by z?
35
Suppose 3*y = -y + 16. What is the remainder when 39 is divided by 198/30 - y/(-10)?
4
Let a = 520 + -896. Let o = 569 + a. What is the remainder when o is divided by 39?
37
Suppose 0 = -14*p + 194 + 198. Suppose 0 = 5*w - 3*w - 20. What is the remainder when p is divided by w?
8
Let n = 783 + -252. What is the remainder when n is divided by 172?
15
Suppose 4*o = -2*t - t + 299, -2*o + 392 = 4*t. Let c = -17 + 21. Suppose c*z - 4*q - 129 = -33, 0 = 2*q - 2. Calculate the remainder when t is divided by z.
22
Let k = -10 + 24. Let i(r) = -r - 7. Let z be i(-9). Suppose 2*a = z*m - 60, a + 2 = -2. Calculate the remainder when m is divided by k.
12
Suppose -2 = -b + 17. Suppose 5*r - 1 = 2*d + 12, -3*r + 4*d = -b. Let p = 7 + r. What is the remainder when 13 is divided by p?
5
What is the remainder when (-16)/(-24) - 3/((-27)/1425) is divided by 44?
27
Suppose -1017 - 657 = -27*v. What is the remainder when 368 is divided by v?
58
Suppose -2*w = 2*h - 116, -3*w + 10 - 141 = -2*h. Calculate the remainder when 179 is divided by h.
57
Let g = 6 - -6. Suppose 10*z - 9*z - g = 0. Suppose 5*n - 11 - 24 = 0. What is the remainder when z is divided by n?
5
Let j be (40/12)/(8/12). Let s = -37 + 40. Suppose j*o - 25 = -s*x, -3*o = -0*o - x - 29. Calculate the remainder when o is divided by 3.
2
Let x(n) = 2*n**2 + 1. Let u = 96 + -41. Let z = u + -1. What is the remainder when z is divided by x(-3)?
16
Suppose 38 + 115 = 9*w. What is the rem